{"id":104,"date":"2015-10-21T07:35:25","date_gmt":"2015-10-21T04:35:25","guid":{"rendered":"http:\/\/mikua.fi\/uudet\/?page_id=104"},"modified":"2025-01-01T19:32:51","modified_gmt":"2025-01-01T17:32:51","slug":"yhteystiedot-2","status":"publish","type":"page","link":"https:\/\/mikua.fi\/uudet\/yhteystiedot-2\/","title":{"rendered":"Yhteystiedot"},"content":{"rendered":"\n<p>Mikkelin Urheiluautoilijat ry<br>Lekatie 2, 50170 MIKKELI<br>mikua@mikua.fi<br><br>Puheenjohtaja Jarno Neuvonen<br>+358 44 989 4340<\/p>\n\n\n\n<p>Laskutusosoite:<br>E-laskuosoite: 003709533671\u00a0 <br>Operaattori: OKOYFIHH<br> Y-tunnus: 0953367-1 <br><br><strong>Pyyd\u00e4mme ensisijaisesti k\u00e4ytt\u00e4m\u00e4\u00e4n e-laskutusta. <\/strong> <br><br>Perinteiset paperilaskut:<br>Mikkelin Urheiluautoilijat ry<br>Ostolaskut<br>Lekatie 2<br>50170 MIKKELI<br><br>S\u00e4hk\u00f6postitse laskuja otamme vastaan osoitteeseen laskutus@mikua.fi <br>Laskuissa tulee olla viitetietona tilaajan nimi \/ kohdetieto, sek\u00e4 maksuaikana 14 pv tai enemm\u00e4n.<br><\/p>\n","protected":false},"excerpt":{"rendered":"<p>Mikkelin Urheiluautoilijat ryLekatie 2, 50170 MIKKELImikua@mikua.fi Puheenjohtaja Jarno Neuvonen+358 44 989 4340 Laskutusosoite:E-laskuosoite: 003709533671\u00a0 Operaattori: OKOYFIHH Y-tunnus: 0953367-1 Pyyd\u00e4mme ensisijaisesti k\u00e4ytt\u00e4m\u00e4\u00e4n e-laskutusta. Perinteiset paperilaskut:Mikkelin Urheiluautoilijat&#8230;<\/p>\n","protected":false},"author":1,"featured_media":0,"parent":0,"menu_order":100,"comment_status":"closed","ping_status":"closed","template":"","meta":{"_acf_changed":false,"footnotes":""},"class_list":["post-104","page","type-page","status-publish","hentry"],"acf":[],"_links":{"self":[{"href":"https:\/\/mikua.fi\/uudet\/wp-json\/wp\/v2\/pages\/104","targetHints":{"allow":["GET"]}}],"collection":[{"href":"https:\/\/mikua.fi\/uudet\/wp-json\/wp\/v2\/pages"}],"about":[{"href":"https:\/\/mikua.fi\/uudet\/wp-json\/wp\/v2\/types\/page"}],"author":[{"embeddable":true,"href":"https:\/\/mikua.fi\/uudet\/wp-json\/wp\/v2\/users\/1"}],"replies":[{"embeddable":true,"href":"https:\/\/mikua.fi\/uudet\/wp-json\/wp\/v2\/comments?post=104"}],"version-history":[{"count":23,"href":"https:\/\/mikua.fi\/uudet\/wp-json\/wp\/v2\/pages\/104\/revisions"}],"predecessor-version":[{"id":1826,"href":"https:\/\/mikua.fi\/uudet\/wp-json\/wp\/v2\/pages\/104\/revisions\/1826"}],"wp:attachment":[{"href":"https:\/\/mikua.fi\/uudet\/wp-json\/wp\/v2\/media?parent=104"}],"curies":[{"name":"wp","href":"https:\/\/api.w.org\/{rel}","templated":true}]}}