{"id":1942,"date":"2025-11-18T17:27:55","date_gmt":"2025-11-18T15:27:55","guid":{"rendered":"https:\/\/mikua.fi\/uudet\/?page_id=1942"},"modified":"2026-01-16T13:52:05","modified_gmt":"2026-01-16T11:52:05","slug":"smrallimikkeli","status":"publish","type":"page","link":"https:\/\/mikua.fi\/uudet\/smrallimikkeli\/","title":{"rendered":"SM Ralli Mikkeli 17.1.2026"},"content":{"rendered":"\n<div class=\"wp-block-columns is-layout-flex wp-container-core-columns-is-layout-9d6595d7 wp-block-columns-is-layout-flex\">\n<div class=\"wp-block-column is-layout-flow wp-block-column-is-layout-flow\">\n<figure class=\"wp-block-image size-large is-style-rounded\"><a href=\"https:\/\/mikua.fi\/uudet\/wp-content\/uploads\/2025\/11\/SM_ralli_mikkeli_logo_valkealle_pohjalle.jpg\"><img loading=\"lazy\" decoding=\"async\" width=\"1024\" height=\"664\" src=\"https:\/\/mikua.fi\/uudet\/wp-content\/uploads\/2025\/11\/SM_ralli_mikkeli_logo_valkealle_pohjalle-1024x664.jpg\" alt=\"\" class=\"wp-image-1955\" srcset=\"https:\/\/mikua.fi\/uudet\/wp-content\/uploads\/2025\/11\/SM_ralli_mikkeli_logo_valkealle_pohjalle-1024x664.jpg 1024w, https:\/\/mikua.fi\/uudet\/wp-content\/uploads\/2025\/11\/SM_ralli_mikkeli_logo_valkealle_pohjalle-300x194.jpg 300w, https:\/\/mikua.fi\/uudet\/wp-content\/uploads\/2025\/11\/SM_ralli_mikkeli_logo_valkealle_pohjalle-768x498.jpg 768w, https:\/\/mikua.fi\/uudet\/wp-content\/uploads\/2025\/11\/SM_ralli_mikkeli_logo_valkealle_pohjalle-1536x995.jpg 1536w, https:\/\/mikua.fi\/uudet\/wp-content\/uploads\/2025\/11\/SM_ralli_mikkeli_logo_valkealle_pohjalle-2048x1327.jpg 2048w, https:\/\/mikua.fi\/uudet\/wp-content\/uploads\/2025\/11\/SM_ralli_mikkeli_logo_valkealle_pohjalle-50x32.jpg 50w\" sizes=\"auto, (max-width: 1024px) 100vw, 1024px\" \/><\/a><\/figure>\n<\/div>\n\n\n\n<div class=\"wp-block-column is-layout-flow wp-block-column-is-layout-flow\">\n<figure class=\"wp-block-image size-large is-resized is-style-rounded\"><a href=\"https:\/\/mikua.fi\/uudet\/wp-content\/uploads\/2025\/10\/MikUA_60juhlaralli_verkkosivukuva_1920-x-1080_2.jpg\"><img loading=\"lazy\" decoding=\"async\" width=\"1024\" height=\"576\" src=\"https:\/\/mikua.fi\/uudet\/wp-content\/uploads\/2025\/10\/MikUA_60juhlaralli_verkkosivukuva_1920-x-1080_2-1024x576.jpg\" alt=\"\" class=\"wp-image-1892\" style=\"width:484px;height:auto\" srcset=\"https:\/\/mikua.fi\/uudet\/wp-content\/uploads\/2025\/10\/MikUA_60juhlaralli_verkkosivukuva_1920-x-1080_2-1024x576.jpg 1024w, https:\/\/mikua.fi\/uudet\/wp-content\/uploads\/2025\/10\/MikUA_60juhlaralli_verkkosivukuva_1920-x-1080_2-300x169.jpg 300w, https:\/\/mikua.fi\/uudet\/wp-content\/uploads\/2025\/10\/MikUA_60juhlaralli_verkkosivukuva_1920-x-1080_2-768x432.jpg 768w, https:\/\/mikua.fi\/uudet\/wp-content\/uploads\/2025\/10\/MikUA_60juhlaralli_verkkosivukuva_1920-x-1080_2-1536x864.jpg 1536w, https:\/\/mikua.fi\/uudet\/wp-content\/uploads\/2025\/10\/MikUA_60juhlaralli_verkkosivukuva_1920-x-1080_2-50x28.jpg 50w, https:\/\/mikua.fi\/uudet\/wp-content\/uploads\/2025\/10\/MikUA_60juhlaralli_verkkosivukuva_1920-x-1080_2.jpg 1920w\" sizes=\"auto, (max-width: 1024px) 100vw, 1024px\" \/><\/a><\/figure>\n<\/div>\n<\/div>\n\n\n\n<p class=\"has-white-color has-black-background-color has-text-color has-background has-link-color wp-elements-ebfd6c3f1df622534856c1ef16fd894b\"><strong>SM-rallikausi 2026 starttaa Mikkelin upeissa talviolosuhteissa. <br>Luvassa on huippuluokan kalustoa, armotonta sekuntitaistelua ja sykett\u00e4 nostattava tapahtumap\u00e4iv\u00e4 koko perheelle. Tule paikan p\u00e4\u00e4lle seuraamaan, miten Suomen parhaat kuljettajat haastavat toisensa Mikkelin vauhdikkailla erikoiskokeilla! <\/strong><\/p>\n\n\n\n<p>Pysy mukana rallitunnelmassa my\u00f6s kisap\u00e4iv\u00e4n ulkopuolella! <br>Seuraa SM Ralli Mikkelin somekanavia ja koe kisafiilis siell\u00e4 miss\u00e4 olet. <br><a href=\"https:\/\/www.instagram.com\/sm_ralli_mikkeli\">Instagram<\/a> | <a href=\"https:\/\/www.facebook.com\/smrallimikkeli\">Facebook<\/a> <\/p>\n\n\n\n<figure class=\"wp-block-image size-large\"><a href=\"https:\/\/mikua.fi\/uudet\/wp-content\/uploads\/2025\/11\/Ketomaa_ToniProductions-scaled.jpg\"><img loading=\"lazy\" decoding=\"async\" width=\"1024\" height=\"576\" src=\"https:\/\/mikua.fi\/uudet\/wp-content\/uploads\/2025\/11\/Ketomaa_ToniProductions-1024x576.jpg\" alt=\"\" class=\"wp-image-1956\" srcset=\"https:\/\/mikua.fi\/uudet\/wp-content\/uploads\/2025\/11\/Ketomaa_ToniProductions-1024x576.jpg 1024w, https:\/\/mikua.fi\/uudet\/wp-content\/uploads\/2025\/11\/Ketomaa_ToniProductions-300x169.jpg 300w, https:\/\/mikua.fi\/uudet\/wp-content\/uploads\/2025\/11\/Ketomaa_ToniProductions-768x432.jpg 768w, https:\/\/mikua.fi\/uudet\/wp-content\/uploads\/2025\/11\/Ketomaa_ToniProductions-1536x864.jpg 1536w, https:\/\/mikua.fi\/uudet\/wp-content\/uploads\/2025\/11\/Ketomaa_ToniProductions-2048x1152.jpg 2048w, https:\/\/mikua.fi\/uudet\/wp-content\/uploads\/2025\/11\/Ketomaa_ToniProductions-50x28.jpg 50w\" sizes=\"auto, (max-width: 1024px) 100vw, 1024px\" \/><\/a><\/figure>\n\n\n\n<p>SM Ralli Mikkeli tarjoaa tiiviin ja el\u00e4myksellisen kisap\u00e4iv\u00e4n, jossa yleis\u00f6n on helppo seurata tapahtumia my\u00f6s keskustan tuntumassa. Kilpailukeskuksena toimii XAMK Mikkelin kampus Patteristonkujalla, jossa sijaitsevat kilpailutoimisto ja huoltoalueen palvelut. Rallin j\u00e4nnitt\u00e4v\u00e4 l\u00e4ht\u00f6 ja tunnelmallinen maalintulo koetaan Mikkelin Torilla, jonne kilpailijat ja yleis\u00f6 kokoontuvat p\u00e4iv\u00e4n avausseremonioihin ja my\u00f6hemmin juhlistamaan maaliin saapumista. <\/p>\n\n\n\n<hr class=\"wp-block-separator has-alpha-channel-opacity\"\/>\n\n\n\n<h2 class=\"wp-block-heading has-white-color has-black-background-color has-text-color has-background has-link-color has-large-font-size wp-elements-13b46fac1084bab7403e7bc5d3dbef9c\">EK-liput ja Rallipassit<\/h2>\n\n\n\n<p class=\"has-text-align-left has-black-color has-text-color has-link-color has-medium-font-size wp-elements-d2f296e2b3abfe33557a99914a3a573a\"><strong>Liput myynniss\u00e4 Corego-lippukaupassa!<\/strong> &nbsp;<\/p>\n\n\n\n<div class=\"wp-block-buttons has-custom-font-size has-large-font-size is-content-justification-left is-layout-flex wp-container-core-buttons-is-layout-fdcfc74e wp-block-buttons-is-layout-flex\">\n<div class=\"wp-block-button has-custom-width wp-block-button__width-50\"><a class=\"wp-block-button__link has-black-color has-text-color has-background has-link-color has-medium-font-size has-custom-font-size wp-element-button\" href=\"https:\/\/www.coregoshop.fi\/smrallimikkeli\" style=\"background-color:#f69e37\">OSTA LIPUT<\/a><\/div>\n<\/div>\n\n\n\n<ul class=\"wp-block-list\">\n<li class=\"has-black-color has-text-color has-link-color wp-elements-d3577c543a761b66d219f125f11b37b3\"><strong>Rallipassi 25\u20ac<\/strong>&nbsp;Rallipassi oikeuttaa yhden henkil\u00f6n sis\u00e4\u00e4np\u00e4\u00e4syn kaikille erikoiskokeille.<\/li>\n\n\n\n<li><strong>EK-lippu 15\u20ac<\/strong>&nbsp;EK-lippu oikeuttaa yhden henkil\u00f6n sis\u00e4\u00e4np\u00e4\u00e4syn yhdelle erikoiskokeelle.<\/li>\n<\/ul>\n\n\n\n<p>Reittikartta ja yhdistetty rallilehti &amp; katsojaopas julkaistaan SM ralli Mikkeli -nettisivuilla 16.1.2026<\/p>\n\n\n\n<div class=\"wp-block-buttons has-white-background-color has-background is-layout-flex wp-block-buttons-is-layout-flex\">\n<div class=\"wp-block-button is-style-fill\"><a class=\"wp-block-button__link has-black-background-color has-text-color has-background has-link-color wp-element-button\" href=\"https:\/\/mikua.fi\/uudet\/wp-content\/uploads\/2026\/01\/SMralliMikkeli_katsojaopas_NET_v2.pdf\" style=\"color:#f69e37\">Lue katsojaopas<\/a><\/div>\n<\/div>\n\n\n\n<p><strong>Rallipaketit 25\u20ac<\/strong>&nbsp;tulevat myyntiin ralliviikolla (to 15.1.) seuraaviin myyntipaikkoihin:<\/p>\n\n\n\n<ul class=\"wp-block-list\">\n<li>ABC Pitk\u00e4j\u00e4rvi <\/li>\n\n\n\n<li>ABC Tuukkala<\/li>\n\n\n\n<li>ABC Kuortti<\/li>\n\n\n\n<li>ABC Juva<\/li>\n<\/ul>\n\n\n\n<p>S-Etukortilla ABC-asemilla myyt\u00e4vist\u00e4 rallipaketeista 5 \u20ac alennus. Varauduthan n\u00e4ytt\u00e4m\u00e4\u00e4n S-etukorttisi kassalla. <br><br>Lipunmyyntipisteet my\u00f6s erikoiskokeilla. Suosi k\u00e4teismaksua ja tasarahaa. <\/p>\n\n\n\n<p>Alle 15-vuotiaat ilmaiseksi aikuisen seurassa.<\/p>\n\n\n\n<hr class=\"wp-block-separator has-alpha-channel-opacity\"\/>\n\n\n\n<h2 class=\"wp-block-heading has-white-color has-black-background-color has-text-color has-background has-link-color has-large-font-size wp-elements-7f6722a3c2a96715f5e29eb1d6efcccf\">VIP<\/h2>\n\n\n\n<p><strong>Tutustu <a href=\"https:\/\/mikua.fi\/uudet\/wp-content\/uploads\/2026\/01\/SMralliMikkeli_VIP-flyer.pdf\" data-type=\"link\" data-id=\"https:\/\/mikua.fi\/uudet\/wp-content\/uploads\/2026\/01\/SMralliMikkeli_VIP-flyer.pdf\">VIP-tarjontaamme<\/a>!<\/strong> <br>VIP-myynnist\u00e4 ole yhteydess\u00e4 Ari Uusikartano 040 356 7570 tai Henri Arpiainen 050 596 3329<\/p>\n\n\n\n<hr class=\"wp-block-separator has-alpha-channel-opacity\"\/>\n\n\n\n<h2 class=\"wp-block-heading has-white-color has-black-background-color has-text-color has-background has-link-color has-large-font-size wp-elements-e820a680fb80b70e62d1c479c1fc9ada\">Aikataulut<\/h2>\n\n\n\n<p><strong>Rallietkot perjantaina 16.1.2026<\/strong><\/p>\n\n\n\n<p><strong>Kauppakeskus Stellan t\u00e4htitorilla klo 18.<\/strong> Tilaisuuden juontaa Mari Pekkanen ja paikalla haastateltavana on niin kilpailun kuin sarjankin edustajia, sek\u00e4 lauantaina ralliin starttaavia kuljettajia.<\/p>\n\n\n\n<p>Stellan etkot striimataan Youtubeen! <br>Katso striimi: <a href=\"https:\/\/www.youtube.com\/live\/2f25YKjV1-4\">https:\/\/www.youtube.com\/live\/2f25YKjV1-4<\/a><\/p>\n\n\n\n<p><strong>Kilpailun aikataulu lauantaina 17.1.2026<\/strong><\/p>\n\n\n\n<ul class=\"wp-block-list\">\n<li>Klo 11.00 kilpailun l\u00e4ht\u00f6 Mikkelin Torilla.<\/li>\n\n\n\n<li>Klo 13.27 huoltotauko XAMK Mikkelin kampuksella.&nbsp;<\/li>\n\n\n\n<li>N. klo 16.50 kilpailun maali Mikkelin Torilla. &nbsp;<\/li>\n<\/ul>\n\n\n\n<p>Yleis\u00f6ll\u00e4 on vapaa p\u00e4\u00e4sy niin l\u00e4ht\u00f6\u00f6n, huoltoon kuin maaliinkin. Huoltoalueelle on hyv\u00e4t kulkuyhteydet.&nbsp;<\/p>\n\n\n\n<hr class=\"wp-block-separator has-alpha-channel-opacity\"\/>\n\n\n\n<h2 class=\"wp-block-heading has-white-color has-black-background-color has-text-color has-background has-link-color has-large-font-size wp-elements-c14d58d56ec89bd2cdafe561a404a190\">Kilpailijat<\/h2>\n\n\n\n<p>Tervetuloa Mikkeliin 2026 SM rallikauden starttiin! <\/p>\n\n\n\n<p>Linkki <a href=\"https:\/\/akk.autourheilu.fi\" data-type=\"link\" data-id=\"https:\/\/akk.autourheilu.fi\">ilmoittautumiseen<\/a> <br>Linkki <a href=\"https:\/\/webapp.sportity.com\/event\/MIKKELITALVISM26\/45fab101-75a2-4a46-bcbb-e672f2f6585a\" data-type=\"link\" data-id=\"https:\/\/webapp.sportity.com\/event\/MIKKELITALVISM26\/45fab101-75a2-4a46-bcbb-e672f2f6585a\">kilpailun viralliselle ilmoitustaululle<\/a><\/p>\n\n\n\n<hr class=\"wp-block-separator has-alpha-channel-opacity\"\/>\n\n\n\n<h2 class=\"wp-block-heading has-white-color has-black-background-color has-text-color has-background has-link-color has-large-font-size wp-elements-901661362e19d2900d13dbc10020c7b2\">Media<\/h2>\n\n\n\n<p>Akkrediointi<br>Rallin media-akkrediointi on p\u00e4\u00e4ttynyt. Mik\u00e4li tarvitset akkreditointia kilpailuun, pyyd\u00e4mme olemaan s\u00e4hk\u00f6postitse yhteydess\u00e4 Ralli SM -sarjan lehdist\u00f6p\u00e4\u00e4llikk\u00f6\u00f6n (patrick.rupponen (at) autourheilu.fi)<a href=\"https:\/\/forms.gle\/yfKp51J2GtoZ2YpJ6\" data-type=\"link\" data-id=\"https:\/\/forms.gle\/yfKp51J2GtoZ2YpJ6\"><br><\/a><a href=\"https:\/\/forms.gle\/nnwoJY6zToTJVasX6\">Tiimien ja kilpailijoiden lomake<\/a><br><br>Lehdist\u00f6keskus: XAMK Mikkelin kampus, Patteristonkatu 3 D, 50100 Mikkeli <br>Avoinna pe 16.1.2026 klo 12-18, la 17.1.2026 klo 7-19<\/p>\n\n\n\n<p>Lehdist\u00f6p\u00e4\u00e4llikk\u00f6 \/ SM ralli Mikkeli <\/p>\n\n\n\n<ul class=\"wp-block-list\">\n<li>Mari Pekkanen, pekkaspaivaoy(at)gmail.com, +358 50 407 6700<\/li>\n\n\n\n<li>(lauantaina 17.1.) Jani Sepp\u00e4l\u00e4, sivuluisumeister(at)gmail.com, +358 44 330 8710<\/li>\n<\/ul>\n\n\n\n<p>Ralli SM-sarja lehdist\u00f6p\u00e4\u00e4llikk\u00f6: Patrick Rupponen, patrick.rupponen(at)autourheilu.fi, +358 40 683 7983<\/p>\n\n\n\n<hr class=\"wp-block-separator has-alpha-channel-opacity\"\/>\n\n\n\n<h2 class=\"wp-block-heading has-white-color has-black-background-color has-text-color has-background has-link-color has-large-font-size wp-elements-35727c06cfe6ccca52829716675d9e52\">Majoitus<\/h2>\n\n\n\n<p>Majoitu mukavasti aivan Mikkelin ytimess\u00e4 Sokos Hotel Vaakunan l\u00e4mpim\u00e4\u00e4n tunnelmaan. T\u00e4m\u00e4 viihtyis\u00e4 kaupunkihotelli tarjoaa rallivieraille helpon sijainnin palveluiden ja kisakeskuksen l\u00e4helt\u00e4, laadukkaat huoneet sek\u00e4 herkulliset ravintolapalvelut. Mikkelin Vaakuna on t\u00e4ydellinen tukikohta SM-ralliel\u00e4mykselle! <\/p>\n\n\n\n<p>Varaa majoitus: <a href=\"https:\/\/www.sokoshotels.fi\/hotellit\/mikkeli\/original-sokos-hotel-vaakuna?utm_source=google&amp;utm_medium=cpc&amp;utm_campaign=90018697_SOK_Sokos-Hotels_Brand-Mikkeli&amp;gad_source=1&amp;gad_campaignid=296667657&amp;gbraid=0AAAAADz-q48o7yyIA5m31sK9og27xL_es&amp;gclid=CjwKCAiA8vXIBhAtEiwAf3B-g_PYqcvNgTKFncMTVo1oPGZJ0vdQyaNaWxd_BtUmoh_r-QfDsUWHexoCRZEQAvD_BwE\" target=\"_blank\" rel=\"noreferrer noopener\">Sokos Hotel Vaakuna Mikkeli<\/a> <br><br>Kilpailijoille on majoitustarjous yhteisty\u00f6kumppanillamme. <br>Varaa huoneesi pian, sill\u00e4 huoneita on rajoitetusti! <br>Varaustunnus: BRAL260115 (tarjoushintaiset varaukset on teht\u00e4v\u00e4 <strong>7.1.2026<\/strong> menness\u00e4).<br>Katso <a href=\"https:\/\/mikua.fi\/uudet\/wp-content\/uploads\/2025\/12\/Majoitustarjous.pdf\" data-type=\"link\" data-id=\"https:\/\/mikua.fi\/uudet\/wp-content\/uploads\/2025\/12\/Majoitustarjous.pdf\">majoitustarjous<\/a>.<\/p>\n\n\n\n<hr class=\"wp-block-separator has-alpha-channel-opacity is-style-default\"\/>\n\n\n\n<h2 class=\"wp-block-heading has-white-color has-black-background-color has-text-color has-background has-link-color has-large-font-size wp-elements-f2e08601d8a3e7f4df7779fed7e4dee0\">Mukana rallin huumassa<\/h2>\n\n\n\n<div class=\"wp-block-columns is-layout-flex wp-container-core-columns-is-layout-9d6595d7 wp-block-columns-is-layout-flex\">\n<div class=\"wp-block-column is-layout-flow wp-block-column-is-layout-flow\">\n<figure class=\"wp-block-image size-full\"><a href=\"https:\/\/mikua.fi\/uudet\/wp-content\/uploads\/2025\/11\/Mikkeli_Terva_logo_72dpi_WEB.png\"><img loading=\"lazy\" decoding=\"async\" width=\"402\" height=\"170\" src=\"https:\/\/mikua.fi\/uudet\/wp-content\/uploads\/2025\/11\/Mikkeli_Terva_logo_72dpi_WEB.png\" alt=\"\" class=\"wp-image-1951\" srcset=\"https:\/\/mikua.fi\/uudet\/wp-content\/uploads\/2025\/11\/Mikkeli_Terva_logo_72dpi_WEB.png 402w, https:\/\/mikua.fi\/uudet\/wp-content\/uploads\/2025\/11\/Mikkeli_Terva_logo_72dpi_WEB-300x127.png 300w, https:\/\/mikua.fi\/uudet\/wp-content\/uploads\/2025\/11\/Mikkeli_Terva_logo_72dpi_WEB-50x21.png 50w\" sizes=\"auto, (max-width: 402px) 100vw, 402px\" \/><\/a><\/figure>\n<\/div>\n\n\n\n<div class=\"wp-block-column is-layout-flow wp-block-column-is-layout-flow\"><div class=\"wp-block-image\">\n<figure class=\"aligncenter size-full\"><a href=\"https:\/\/mikua.fi\/uudet\/wp-content\/uploads\/2025\/11\/S-suur-savo_logo.webp\"><img loading=\"lazy\" decoding=\"async\" width=\"391\" height=\"96\" src=\"https:\/\/mikua.fi\/uudet\/wp-content\/uploads\/2025\/11\/S-suur-savo_logo.webp\" alt=\"\" class=\"wp-image-1952\" srcset=\"https:\/\/mikua.fi\/uudet\/wp-content\/uploads\/2025\/11\/S-suur-savo_logo.webp 391w, https:\/\/mikua.fi\/uudet\/wp-content\/uploads\/2025\/11\/S-suur-savo_logo-300x74.webp 300w, https:\/\/mikua.fi\/uudet\/wp-content\/uploads\/2025\/11\/S-suur-savo_logo-50x12.webp 50w\" sizes=\"auto, (max-width: 391px) 100vw, 391px\" \/><\/a><\/figure>\n<\/div><\/div>\n\n\n\n<div class=\"wp-block-column is-layout-flow wp-block-column-is-layout-flow\">\n<figure class=\"wp-block-image size-large\"><a href=\"https:\/\/mikua.fi\/uudet\/wp-content\/uploads\/2025\/11\/xamk_logo_laaja_fi_kehys_keltainen_rgb.png\"><img loading=\"lazy\" decoding=\"async\" width=\"1024\" height=\"643\" src=\"https:\/\/mikua.fi\/uudet\/wp-content\/uploads\/2025\/11\/xamk_logo_laaja_fi_kehys_keltainen_rgb-1024x643.png\" alt=\"\" class=\"wp-image-1953\" srcset=\"https:\/\/mikua.fi\/uudet\/wp-content\/uploads\/2025\/11\/xamk_logo_laaja_fi_kehys_keltainen_rgb-1024x643.png 1024w, https:\/\/mikua.fi\/uudet\/wp-content\/uploads\/2025\/11\/xamk_logo_laaja_fi_kehys_keltainen_rgb-300x188.png 300w, https:\/\/mikua.fi\/uudet\/wp-content\/uploads\/2025\/11\/xamk_logo_laaja_fi_kehys_keltainen_rgb-768x482.png 768w, https:\/\/mikua.fi\/uudet\/wp-content\/uploads\/2025\/11\/xamk_logo_laaja_fi_kehys_keltainen_rgb-1536x964.png 1536w, https:\/\/mikua.fi\/uudet\/wp-content\/uploads\/2025\/11\/xamk_logo_laaja_fi_kehys_keltainen_rgb-2048x1285.png 2048w, https:\/\/mikua.fi\/uudet\/wp-content\/uploads\/2025\/11\/xamk_logo_laaja_fi_kehys_keltainen_rgb-50x31.png 50w\" sizes=\"auto, (max-width: 1024px) 100vw, 1024px\" \/><\/a><\/figure>\n<\/div>\n<\/div>\n\n\n\n<div class=\"wp-block-columns is-layout-flex wp-container-core-columns-is-layout-9d6595d7 wp-block-columns-is-layout-flex\">\n<div class=\"wp-block-column is-layout-flow wp-block-column-is-layout-flow\">\n<figure class=\"wp-block-image size-full\"><a href=\"https:\/\/mikua.fi\/uudet\/wp-content\/uploads\/2025\/12\/Mainospuu_logo_web_811303f7-cb2b-4a4e-8f8c-94bed180b43a_200x@2x.avif\"><img loading=\"lazy\" decoding=\"async\" width=\"400\" height=\"164\" src=\"https:\/\/mikua.fi\/uudet\/wp-content\/uploads\/2025\/12\/Mainospuu_logo_web_811303f7-cb2b-4a4e-8f8c-94bed180b43a_200x@2x.avif\" alt=\"\" class=\"wp-image-2019\" srcset=\"https:\/\/mikua.fi\/uudet\/wp-content\/uploads\/2025\/12\/Mainospuu_logo_web_811303f7-cb2b-4a4e-8f8c-94bed180b43a_200x@2x.avif 400w, https:\/\/mikua.fi\/uudet\/wp-content\/uploads\/2025\/12\/Mainospuu_logo_web_811303f7-cb2b-4a4e-8f8c-94bed180b43a_200x@2x-300x123.avif 300w, https:\/\/mikua.fi\/uudet\/wp-content\/uploads\/2025\/12\/Mainospuu_logo_web_811303f7-cb2b-4a4e-8f8c-94bed180b43a_200x@2x-50x21.avif 50w\" sizes=\"auto, (max-width: 400px) 100vw, 400px\" \/><\/a><\/figure>\n<\/div>\n\n\n\n<div class=\"wp-block-column is-layout-flow wp-block-column-is-layout-flow\">\n<figure class=\"wp-block-image size-full\"><a href=\"https:\/\/mikua.fi\/uudet\/wp-content\/uploads\/2025\/12\/Auto-Kilta-uudet-logot-3.png\"><img loading=\"lazy\" decoding=\"async\" width=\"479\" height=\"206\" src=\"https:\/\/mikua.fi\/uudet\/wp-content\/uploads\/2025\/12\/Auto-Kilta-uudet-logot-3.png\" alt=\"\" class=\"wp-image-2020\" srcset=\"https:\/\/mikua.fi\/uudet\/wp-content\/uploads\/2025\/12\/Auto-Kilta-uudet-logot-3.png 479w, https:\/\/mikua.fi\/uudet\/wp-content\/uploads\/2025\/12\/Auto-Kilta-uudet-logot-3-300x129.png 300w, https:\/\/mikua.fi\/uudet\/wp-content\/uploads\/2025\/12\/Auto-Kilta-uudet-logot-3-50x22.png 50w\" sizes=\"auto, (max-width: 479px) 100vw, 479px\" \/><\/a><\/figure>\n<\/div>\n\n\n\n<div class=\"wp-block-column is-layout-flow wp-block-column-is-layout-flow\">\n<figure class=\"wp-block-image size-large\"><a href=\"https:\/\/mikua.fi\/uudet\/wp-content\/uploads\/2025\/12\/raskone_grayish-3.png\"><img loading=\"lazy\" decoding=\"async\" width=\"1024\" height=\"70\" src=\"https:\/\/mikua.fi\/uudet\/wp-content\/uploads\/2025\/12\/raskone_grayish-3-1024x70.png\" alt=\"\" class=\"wp-image-2021\" srcset=\"https:\/\/mikua.fi\/uudet\/wp-content\/uploads\/2025\/12\/raskone_grayish-3-1024x70.png 1024w, https:\/\/mikua.fi\/uudet\/wp-content\/uploads\/2025\/12\/raskone_grayish-3-300x21.png 300w, https:\/\/mikua.fi\/uudet\/wp-content\/uploads\/2025\/12\/raskone_grayish-3-768x53.png 768w, https:\/\/mikua.fi\/uudet\/wp-content\/uploads\/2025\/12\/raskone_grayish-3-50x3.png 50w, https:\/\/mikua.fi\/uudet\/wp-content\/uploads\/2025\/12\/raskone_grayish-3.png 1134w\" sizes=\"auto, (max-width: 1024px) 100vw, 1024px\" \/><\/a><\/figure>\n<\/div>\n<\/div>\n\n\n\n<div class=\"wp-block-columns is-layout-flex wp-container-core-columns-is-layout-9d6595d7 wp-block-columns-is-layout-flex\">\n<div class=\"wp-block-column is-layout-flow wp-block-column-is-layout-flow\">\n<figure class=\"wp-block-image size-full\"><a href=\"https:\/\/mikua.fi\/uudet\/wp-content\/uploads\/2025\/12\/mikvet-ilman-taustaa-500x128-1.png\"><img loading=\"lazy\" decoding=\"async\" width=\"500\" height=\"128\" src=\"https:\/\/mikua.fi\/uudet\/wp-content\/uploads\/2025\/12\/mikvet-ilman-taustaa-500x128-1.png\" alt=\"\" class=\"wp-image-1998\" srcset=\"https:\/\/mikua.fi\/uudet\/wp-content\/uploads\/2025\/12\/mikvet-ilman-taustaa-500x128-1.png 500w, https:\/\/mikua.fi\/uudet\/wp-content\/uploads\/2025\/12\/mikvet-ilman-taustaa-500x128-1-300x77.png 300w, https:\/\/mikua.fi\/uudet\/wp-content\/uploads\/2025\/12\/mikvet-ilman-taustaa-500x128-1-50x13.png 50w\" sizes=\"auto, (max-width: 500px) 100vw, 500px\" \/><\/a><\/figure>\n<\/div>\n\n\n\n<div class=\"wp-block-column is-layout-flow wp-block-column-is-layout-flow\">\n<figure class=\"wp-block-image size-full\"><a href=\"https:\/\/mikua.fi\/uudet\/wp-content\/uploads\/2025\/12\/rte-logo.png\"><img loading=\"lazy\" decoding=\"async\" width=\"214\" height=\"160\" src=\"https:\/\/mikua.fi\/uudet\/wp-content\/uploads\/2025\/12\/rte-logo.png\" alt=\"\" class=\"wp-image-1999\" srcset=\"https:\/\/mikua.fi\/uudet\/wp-content\/uploads\/2025\/12\/rte-logo.png 214w, https:\/\/mikua.fi\/uudet\/wp-content\/uploads\/2025\/12\/rte-logo-50x37.png 50w\" sizes=\"auto, (max-width: 214px) 100vw, 214px\" \/><\/a><\/figure>\n<\/div>\n\n\n\n<div class=\"wp-block-column is-layout-flow wp-block-column-is-layout-flow\">\n<figure class=\"wp-block-image size-full\"><a href=\"https:\/\/mikua.fi\/uudet\/wp-content\/uploads\/2025\/12\/sliikanen-2.jpg\"><img loading=\"lazy\" decoding=\"async\" width=\"435\" height=\"145\" src=\"https:\/\/mikua.fi\/uudet\/wp-content\/uploads\/2025\/12\/sliikanen-2.jpg\" alt=\"\" class=\"wp-image-2000\" srcset=\"https:\/\/mikua.fi\/uudet\/wp-content\/uploads\/2025\/12\/sliikanen-2.jpg 435w, https:\/\/mikua.fi\/uudet\/wp-content\/uploads\/2025\/12\/sliikanen-2-300x100.jpg 300w, https:\/\/mikua.fi\/uudet\/wp-content\/uploads\/2025\/12\/sliikanen-2-50x17.jpg 50w\" sizes=\"auto, (max-width: 435px) 100vw, 435px\" \/><\/a><\/figure>\n<\/div>\n<\/div>\n\n\n<div class=\"wp-block-image\">\n<figure class=\"aligncenter size-large is-resized\"><a href=\"https:\/\/mikua.fi\/uudet\/wp-content\/uploads\/2026\/01\/LetsGo-logot-vaaka-yellow-taksi-and-black_1920x1080.jpg\"><img loading=\"lazy\" decoding=\"async\" width=\"1024\" height=\"576\" src=\"https:\/\/mikua.fi\/uudet\/wp-content\/uploads\/2026\/01\/LetsGo-logot-vaaka-yellow-taksi-and-black_1920x1080-1024x576.jpg\" alt=\"\" class=\"wp-image-2071\" style=\"width:208px;height:auto\" srcset=\"https:\/\/mikua.fi\/uudet\/wp-content\/uploads\/2026\/01\/LetsGo-logot-vaaka-yellow-taksi-and-black_1920x1080-1024x576.jpg 1024w, https:\/\/mikua.fi\/uudet\/wp-content\/uploads\/2026\/01\/LetsGo-logot-vaaka-yellow-taksi-and-black_1920x1080-300x169.jpg 300w, https:\/\/mikua.fi\/uudet\/wp-content\/uploads\/2026\/01\/LetsGo-logot-vaaka-yellow-taksi-and-black_1920x1080-768x432.jpg 768w, https:\/\/mikua.fi\/uudet\/wp-content\/uploads\/2026\/01\/LetsGo-logot-vaaka-yellow-taksi-and-black_1920x1080-1536x864.jpg 1536w, https:\/\/mikua.fi\/uudet\/wp-content\/uploads\/2026\/01\/LetsGo-logot-vaaka-yellow-taksi-and-black_1920x1080-50x28.jpg 50w, https:\/\/mikua.fi\/uudet\/wp-content\/uploads\/2026\/01\/LetsGo-logot-vaaka-yellow-taksi-and-black_1920x1080.jpg 1920w\" sizes=\"auto, (max-width: 1024px) 100vw, 1024px\" \/><\/a><\/figure>\n<\/div>\n\n\n<figure class=\"wp-block-image size-large\"><a href=\"https:\/\/mikua.fi\/uudet\/wp-content\/uploads\/2025\/11\/AKK_rallism_logot.png\"><img loading=\"lazy\" decoding=\"async\" width=\"1024\" height=\"104\" src=\"https:\/\/mikua.fi\/uudet\/wp-content\/uploads\/2025\/11\/AKK_rallism_logot-1024x104.png\" alt=\"\" class=\"wp-image-1954\" srcset=\"https:\/\/mikua.fi\/uudet\/wp-content\/uploads\/2025\/11\/AKK_rallism_logot-1024x104.png 1024w, https:\/\/mikua.fi\/uudet\/wp-content\/uploads\/2025\/11\/AKK_rallism_logot-300x30.png 300w, https:\/\/mikua.fi\/uudet\/wp-content\/uploads\/2025\/11\/AKK_rallism_logot-768x78.png 768w, https:\/\/mikua.fi\/uudet\/wp-content\/uploads\/2025\/11\/AKK_rallism_logot-1536x155.png 1536w, https:\/\/mikua.fi\/uudet\/wp-content\/uploads\/2025\/11\/AKK_rallism_logot-2048x207.png 2048w, https:\/\/mikua.fi\/uudet\/wp-content\/uploads\/2025\/11\/AKK_rallism_logot-50x5.png 50w\" sizes=\"auto, (max-width: 1024px) 100vw, 1024px\" \/><\/a><\/figure>\n","protected":false},"excerpt":{"rendered":"<p>SM-rallikausi 2026 starttaa Mikkelin upeissa talviolosuhteissa. Luvassa on huippuluokan kalustoa, armotonta sekuntitaistelua ja sykett\u00e4 nostattava tapahtumap\u00e4iv\u00e4 koko perheelle. Tule paikan p\u00e4\u00e4lle seuraamaan, miten Suomen parhaat&#8230;<\/p>\n","protected":false},"author":7,"featured_media":0,"parent":0,"menu_order":0,"comment_status":"closed","ping_status":"closed","template":"","meta":{"_acf_changed":false,"footnotes":""},"class_list":["post-1942","page","type-page","status-publish","hentry"],"acf":[],"_links":{"self":[{"href":"https:\/\/mikua.fi\/uudet\/wp-json\/wp\/v2\/pages\/1942","targetHints":{"allow":["GET"]}}],"collection":[{"href":"https:\/\/mikua.fi\/uudet\/wp-json\/wp\/v2\/pages"}],"about":[{"href":"https:\/\/mikua.fi\/uudet\/wp-json\/wp\/v2\/types\/page"}],"author":[{"embeddable":true,"href":"https:\/\/mikua.fi\/uudet\/wp-json\/wp\/v2\/users\/7"}],"replies":[{"embeddable":true,"href":"https:\/\/mikua.fi\/uudet\/wp-json\/wp\/v2\/comments?post=1942"}],"version-history":[{"count":50,"href":"https:\/\/mikua.fi\/uudet\/wp-json\/wp\/v2\/pages\/1942\/revisions"}],"predecessor-version":[{"id":2084,"href":"https:\/\/mikua.fi\/uudet\/wp-json\/wp\/v2\/pages\/1942\/revisions\/2084"}],"wp:attachment":[{"href":"https:\/\/mikua.fi\/uudet\/wp-json\/wp\/v2\/media?parent=1942"}],"curies":[{"name":"wp","href":"https:\/\/api.w.org\/{rel}","templated":true}]}}