{"id":44,"date":"2015-10-12T15:20:33","date_gmt":"2015-10-12T12:20:33","guid":{"rendered":"http:\/\/localhost\/mikua\/?page_id=4"},"modified":"2023-05-11T15:06:57","modified_gmt":"2023-05-11T12:06:57","slug":"etusivu","status":"publish","type":"page","link":"https:\/\/mikua.fi\/uudet\/","title":{"rendered":"ETUSIVU"},"content":{"rendered":"<p>AKK:n Kaakkois-Suomen alueen syysp\u00e4iv\u00e4t ja syyskokous j\u00e4rjestettiin Mikkeliss\u00e4 29.-30.10.2016. Seuramme oli mukana j\u00e4rjestelyiss\u00e4 ja pidimme perinteisen leikkimielisen suunnistuskilpailun Mikkelin Sataman alueella. 6 joukkuetta ilmoittautui mukaan kisaan ja reitti osoittautui vaativaksi. Kilpailussa oli tietokilpailua, liikennes\u00e4\u00e4nt\u00f6tuntemusta ja tikanheittoa. Tarjosimme lopuksi kaikille perinteiset rallimakkarat. Kilpailijoilla oli mukavaa nihke\u00e4st\u00e4 s\u00e4\u00e4st\u00e4 huolimatta ja makkarat maistuivat.<\/p>\n<p>Onnittelemme voittajia!<\/p>\n","protected":false},"excerpt":{"rendered":"<p>AKK:n Kaakkois-Suomen alueen syysp\u00e4iv\u00e4t ja syyskokous j\u00e4rjestettiin Mikkeliss\u00e4 29.-30.10.2016. Seuramme oli mukana j\u00e4rjestelyiss\u00e4 ja pidimme perinteisen leikkimielisen suunnistuskilpailun Mikkelin Sataman alueella. 6 joukkuetta ilmoittautui mukaan&#8230;<\/p>\n","protected":false},"author":1,"featured_media":0,"parent":0,"menu_order":0,"comment_status":"closed","ping_status":"closed","template":"etusivu-tpl.php","meta":{"_acf_changed":false,"footnotes":""},"class_list":["post-44","page","type-page","status-publish","hentry"],"acf":[],"_links":{"self":[{"href":"https:\/\/mikua.fi\/uudet\/wp-json\/wp\/v2\/pages\/44","targetHints":{"allow":["GET"]}}],"collection":[{"href":"https:\/\/mikua.fi\/uudet\/wp-json\/wp\/v2\/pages"}],"about":[{"href":"https:\/\/mikua.fi\/uudet\/wp-json\/wp\/v2\/types\/page"}],"author":[{"embeddable":true,"href":"https:\/\/mikua.fi\/uudet\/wp-json\/wp\/v2\/users\/1"}],"replies":[{"embeddable":true,"href":"https:\/\/mikua.fi\/uudet\/wp-json\/wp\/v2\/comments?post=44"}],"version-history":[{"count":11,"href":"https:\/\/mikua.fi\/uudet\/wp-json\/wp\/v2\/pages\/44\/revisions"}],"predecessor-version":[{"id":1543,"href":"https:\/\/mikua.fi\/uudet\/wp-json\/wp\/v2\/pages\/44\/revisions\/1543"}],"wp:attachment":[{"href":"https:\/\/mikua.fi\/uudet\/wp-json\/wp\/v2\/media?parent=44"}],"curies":[{"name":"wp","href":"https:\/\/api.w.org\/{rel}","templated":true}]}}