{"id":8,"date":"2015-10-12T15:20:57","date_gmt":"2015-10-12T12:20:57","guid":{"rendered":"http:\/\/localhost\/mikua\/?page_id=8"},"modified":"2026-02-17T18:45:55","modified_gmt":"2026-02-17T16:45:55","slug":"lajit-2","status":"publish","type":"page","link":"https:\/\/mikua.fi\/uudet\/lajit-2\/","title":{"rendered":"Hallitus"},"content":{"rendered":"\n<p><strong>Hallitus 2025<\/strong><\/p>\n\n\n\n<p>Jarno Neuvonen<br>Puheenjohtaja<br>+358 44 989 4340<\/p>\n\n\n\n<p>Olli Karstunen<br>Hallituksen j\u00e4sen<br>+358 50 309 5878<\/p>\n\n\n\n<p>Heidi Lahikainen<br>Hallituksen j\u00e4sen<\/p>\n\n\n\n<p>Janne Makara<br>Hallituksen j\u00e4sen, nuorisojaosto, pienoisautoilu ja ura-autot<br>+358 40 557 6181<\/p>\n\n\n\n<p>Jukka Olkkonen<br>Hallituksen j\u00e4sen, ralli<br>+358 45 108 7333<\/p>\n\n\n\n<p>Aki Maaranen<br>Hallituksen j\u00e4sen, ralli<br>+358 50 5277629<\/p>\n\n\n\n<p>Lasse Martikainen<br>Hallituksen j\u00e4sen<\/p>\n\n\n\n<p>Jari Jakonen<br>Hallituksen j\u00e4sen<\/p>\n\n\n\n<p>Veikko Arpiainen<br>Hallituksen j\u00e4sen<br><br>Kaikkien s\u00e4hk\u00f6postit ovat muotoa etunimi.sukunimi@mikua.fi<\/p>\n","protected":false},"excerpt":{"rendered":"<p>Hallitus 2025 Jarno NeuvonenPuheenjohtaja+358 44 989 4340 Olli KarstunenHallituksen j\u00e4sen+358 50 309 5878 Heidi LahikainenHallituksen j\u00e4sen Janne MakaraHallituksen j\u00e4sen, nuorisojaosto, pienoisautoilu ja ura-autot+358 40 557&#8230;<\/p>\n","protected":false},"author":1,"featured_media":0,"parent":0,"menu_order":0,"comment_status":"closed","ping_status":"closed","template":"","meta":{"_acf_changed":false,"footnotes":""},"class_list":["post-8","page","type-page","status-publish","hentry"],"acf":[],"_links":{"self":[{"href":"https:\/\/mikua.fi\/uudet\/wp-json\/wp\/v2\/pages\/8","targetHints":{"allow":["GET"]}}],"collection":[{"href":"https:\/\/mikua.fi\/uudet\/wp-json\/wp\/v2\/pages"}],"about":[{"href":"https:\/\/mikua.fi\/uudet\/wp-json\/wp\/v2\/types\/page"}],"author":[{"embeddable":true,"href":"https:\/\/mikua.fi\/uudet\/wp-json\/wp\/v2\/users\/1"}],"replies":[{"embeddable":true,"href":"https:\/\/mikua.fi\/uudet\/wp-json\/wp\/v2\/comments?post=8"}],"version-history":[{"count":27,"href":"https:\/\/mikua.fi\/uudet\/wp-json\/wp\/v2\/pages\/8\/revisions"}],"predecessor-version":[{"id":2086,"href":"https:\/\/mikua.fi\/uudet\/wp-json\/wp\/v2\/pages\/8\/revisions\/2086"}],"wp:attachment":[{"href":"https:\/\/mikua.fi\/uudet\/wp-json\/wp\/v2\/media?parent=8"}],"curies":[{"name":"wp","href":"https:\/\/api.w.org\/{rel}","templated":true}]}}